{"id":121,"date":"2017-08-18T05:49:25","date_gmt":"2017-08-18T05:49:25","guid":{"rendered":"http:\/\/seelen-licht.org\/?page_id=121"},"modified":"2017-08-18T05:51:52","modified_gmt":"2017-08-18T05:51:52","slug":"das-traditionelle-japanische-reiki-der-usui-reiki-tyoho-gakkai","status":"publish","type":"page","link":"https:\/\/seelen-licht.org\/?page_id=121","title":{"rendered":"Das traditionelle japanische Reiki der Usui-Reiki Tyoho-Gakkai"},"content":{"rendered":"<p style=\"text-align: center;\">\u00a0<img loading=\"lazy\" class=\"alignnone size-full wp-image-124\" src=\"http:\/\/seelen-licht.org\/wp-content\/uploads\/2017\/08\/th2.jpg\" alt=\"\" width=\"208\" height=\"300\" \/>\u00a0\u00a0 <img loading=\"lazy\" class=\"alignnone wp-image-123\" src=\"http:\/\/seelen-licht.org\/wp-content\/uploads\/2017\/08\/reiki.jpg\" alt=\"\" width=\"170\" height=\"292\" srcset=\"https:\/\/seelen-licht.org\/wp-content\/uploads\/2017\/08\/reiki.jpg 374w, https:\/\/seelen-licht.org\/wp-content\/uploads\/2017\/08\/reiki-175x300.jpg 175w\" sizes=\"(max-width: 170px) 100vw, 170px\" \/><\/p>\n<p style=\"text-align: center;\" align=\"JUSTIFY\"><span style=\"font-size: large;\">Rei \u2013 Geist, Seele Ki \u2013 Universelle Energie.<\/span><\/p>\n<p align=\"JUSTIFY\"><span style=\"font-size: large;\">Das weltweit bekannte System der Heilung durch Handauflegen mit den urspr\u00fcnglichen Techniken des Mikao Usui.<\/span><\/p>\n<p align=\"JUSTIFY\"><span style=\"color: #000000;\"><span style=\"font-size: large;\">Im August 1999 kamen 60 Reiki-Meister aus aller Welt zu einem Seminar in Vancouver (Kanada) zusammen, um die urspr\u00fcnglichen Reiki-Techniken des Mikao Usui zu erlernen. Referent auf diesem Seminar war der japanische Reiki-Meister Hiroshi Doi, der sowohl Meister des westlichen Reiki als auch des traditionellen japanischen Reiki ist. Sensei Doi ist Mitglied der \u201eUsui-Reiki Ryoho-Gakkai\u201c (Usui-Reiki Heilungsgesellschaft). Er wurde von zwei seiner Meistersch\u00fcler begleitet, die die Behandlungsmethoden demonstrierten und bei den \u00dcbersetzungen halfen. Die Teilnehmer erhielten genaue Anleitungen f\u00fcr die Durchf\u00fchrung der Techniken und des Reiju, des Gakkai-Einstimmungsprozesses.<\/span><\/span><\/p>\n<p><span style=\"color: #000000;\"><span style=\"font-size: large;\">Diese \u00dcbungen und Techniken sind Inhalte der Seminare, zu denen die Einweihung in den jeweiligen Reikigrad geh\u00f6rt:<\/span><\/span><\/p>\n<ul>\n<li><span style=\"color: #000000;\"><span style=\"font-size: large;\">Reiki \u00fcber die Meridianpunkte flie\u00dfen lassen<br \/>\n<\/span><\/span><\/li>\n<li><span style=\"color: #000000;\"><span style=\"font-size: large;\">Sich mit Energie aufladen<br \/>\n<\/span><\/span><\/li>\n<li><span style=\"color: #000000;\"><span style=\"font-size: large;\">Geste des Respekts und der Demut<br \/>\n<\/span><\/span><\/li>\n<li><span style=\"color: #000000;\"><span style=\"font-size: large;\">Trockenbaden<br \/>\n<\/span><\/span><\/li>\n<li><span style=\"color: #000000;\"><span style=\"font-size: large;\">Atemtechnik zum Reinigen<br \/>\n<\/span><\/span><\/li>\n<li><span style=\"color: #000000;\"><span style=\"font-size: large;\">Konzentrationsatem<br \/>\n<\/span><\/span><\/li>\n<li><span style=\"color: #000000;\"><span style=\"font-size: large;\">Wunsch oder Gedanken verschicken<br \/>\n<\/span><\/span><\/li>\n<li><span style=\"color: #000000;\"><span style=\"font-size: large;\">Mentales Programmieren<br \/>\n<\/span><\/span><\/li>\n<li><span style=\"color: #000000;\"><span style=\"font-size: large;\">Negative Energien entfernen<br \/>\n<\/span><\/span><\/li>\n<li><span style=\"color: #000000;\"><span style=\"font-size: large;\">Unstimmigkeiten mit den H\u00e4nden aufsp\u00fcren<br \/>\n<\/span><\/span><\/li>\n<li><span style=\"color: #000000;\"><span style=\"font-size: large;\">Sich von Reiki f\u00fchren lassen<br \/>\n<\/span><\/span><\/li>\n<li><span style=\"color: #000000;\"><span style=\"font-size: large;\">Reiki f\u00fcr den Bauchnabel<br \/>\n<\/span><\/span><\/li>\n<li><span style=\"color: #000000;\"><span style=\"font-size: large;\">Reiki mit dem Atem<br \/>\n<\/span><\/span><\/li>\n<li><span style=\"color: #000000;\"><span style=\"font-size: large;\">Reiki mit den Augen<br \/>\n<\/span><\/span><\/li>\n<li><span style=\"color: #000000;\"><span style=\"font-size: large;\">Klatschen mit der Hand<br \/>\n<\/span><\/span><\/li>\n<li><span style=\"color: #000000;\"><span style=\"font-size: large;\">Streichen mit den H\u00e4nden<br \/>\n<\/span><\/span><\/li>\n<li><span style=\"color: #000000;\"><span style=\"font-size: large;\">Mit den Fingern sto\u00dfen<br \/>\n<\/span><\/span><\/li>\n<li><span style=\"color: #000000;\"><span style=\"font-size: large;\">Methode des Blutaustausches<br \/>\n<\/span><\/span><\/li>\n<li><span style=\"color: #000000;\"><span style=\"font-size: large;\">Reiki kreisen lassen<br \/>\n<\/span><\/span><\/li>\n<li><span style=\"color: #000000;\"><span style=\"font-size: large;\">Gruppenreiki<br \/>\n<\/span><\/span><\/li>\n<li><span style=\"color: #000000;\"><span style=\"font-size: large;\">Technik f\u00fcr spirituelles Wachstum<br \/>\n<\/span><\/span><\/li>\n<li><span style=\"color: #000000;\"><span style=\"font-size: large;\">Selbstreinigung<br \/>\n<\/span><\/span><\/li>\n<li><span style=\"color: #000000;\"><span style=\"font-size: large;\">Atem\u00fcbung<br \/>\n<\/span><\/span><\/li>\n<li><span style=\"color: #000000;\"><span style=\"font-size: large;\">Chakren\u00fcbung<br \/>\n<\/span><\/span><\/li>\n<li><span style=\"color: #000000;\"><span style=\"font-size: large;\">Reiki-Meditationen<br \/>\n<\/span><\/span><\/li>\n<li><span style=\"color: #000000;\"><span style=\"font-size: large;\">Lichtatmung<br \/>\n<\/span><\/span><\/li>\n<li><span style=\"color: #000000;\"><span style=\"font-size: large;\">Reiki-Dusche<br \/>\n<\/span><\/span><\/li>\n<li><span style=\"color: #000000;\"><span style=\"font-size: large;\">Reiju<\/span><\/span><\/li>\n<\/ul>\n<p><span style=\"color: #000000;\"><span style=\"font-size: large;\">Dieses Seminar ist f\u00fcr alle, die bereits in Reiki 1, 2, Meistergrad eingeweiht sind und kann von Reiki-Lehrern anschlie\u00dfend auch unterrichtet werden. Das Seminar dauert 2 Tage und kostet 240 \u20ac.<\/span><\/span><\/p>\n<p><span style=\"font-size: large;\"><b>1. Reiki-Grad<\/b><\/span><\/p>\n<p><span style=\"color: #000000;\"><span style=\"font-size: large;\"><b><br \/>\n<\/b><\/span><\/span><span style=\"color: #000000;\"><span style=\"font-size: large;\">Das Seminar ist in einen theoretischen und einen praktischen Teil gegliedert.<\/span><\/span><\/p>\n<p>Der theoretische Unterricht umfasst:<\/p>\n<p>&nbsp;<\/p>\n<ul>\n<li><span style=\"color: #000000;\"><span style=\"font-size: large;\">die Geschichte von Reiki<br \/>\n<\/span><\/span><\/li>\n<li><span style=\"color: #000000;\"><span style=\"font-size: large;\">die Biographie des Begr\u00fcnders von Reiki, Mikao Usui<br \/>\n<\/span><\/span><\/li>\n<li><span style=\"color: #000000;\"><span style=\"font-size: large;\">die Wirkungsweise von Reiki<br \/>\n<\/span><\/span><\/li>\n<li><span style=\"color: #000000;\"><span style=\"font-size: large;\">die Chakrenlehre und ihre Bedeutung f\u00fcr Reiki<br \/>\n<\/span><\/span><\/li>\n<\/ul>\n<p align=\"JUSTIFY\"><span style=\"color: #000000;\"><span style=\"font-size: large;\">Im Praxisteil lernt man, wie man durch einfaches Handauflegen die Reiki-Energie weitergibt \u2013 zu sich selbst oder zu anderen. Es werden die Handpositionen der Ganzk\u00f6rperbehandlung ge\u00fcbt und ein Chakrenausgleich durchgef\u00fchrt.<\/span><\/span><\/p>\n<p><span style=\"color: #000000;\"><span style=\"font-size: large;\">Das Seminar dauert zwei Tage und kostet 240 \u20ac.<\/span><\/span><\/p>\n<p><span style=\"font-size: large;\"><b>2. Reiki-Grad<\/b><\/span><\/p>\n<p><span style=\"color: #000000;\"><span style=\"font-size: large;\"><b><br \/>\n<\/b><\/span><\/span><span style=\"color: #000000;\"><span style=\"font-size: large;\">Hier lernt der Sch\u00fcler drei Symbole und Mantren sowie deren Herkunft und Bedeutung.<\/span><\/span><\/p>\n<p>&nbsp;<\/p>\n<ul>\n<li><span style=\"color: #000000;\"><span style=\"font-size: large;\">Kraftsymbol<br \/>\n<\/span><\/span><\/li>\n<li><span style=\"color: #000000;\"><span style=\"font-size: large;\">Mentalsymbol<br \/>\n<\/span><\/span><\/li>\n<li><span style=\"color: #000000;\"><span style=\"font-size: large;\">Fernsymbol<br \/>\n<\/span><\/span><\/li>\n<\/ul>\n<p><span style=\"color: #000000;\"><span style=\"font-size: large;\"><br \/>\nEs werden wichtige Techniken des 2. Grades ge\u00fcbt wie z.B.<\/span><\/span><\/p>\n<p>&nbsp;<\/p>\n<ul>\n<li><span style=\"color: #000000;\"><span style=\"font-size: large;\">Fernreiki<br \/>\n<\/span><\/span><\/li>\n<li><span style=\"color: #000000;\"><span style=\"font-size: large;\">Mentalbehandlung<br \/>\n<\/span><\/span><\/li>\n<li><span style=\"color: #000000;\"><span style=\"font-size: large;\">Reiki schicken in Situationen, Problemursachen, Karma<br \/>\n<\/span><\/span><\/li>\n<li><span style=\"color: #000000;\"><span style=\"font-size: large;\">Raumreinigung<br \/>\n<\/span><\/span><\/li>\n<li><span style=\"color: #000000;\"><span style=\"font-size: large;\">Schutz<br \/>\n<\/span><\/span><\/li>\n<li><span style=\"color: #000000;\"><span style=\"font-size: large;\">Wunschmanifestation<br \/>\n<\/span><\/span><\/li>\n<\/ul>\n<p><span style=\"color: #000000;\"><span style=\"font-size: large;\">Das Seminar dauert zwei Tage und kostet 360 \u20ac.<br \/>\n<\/span><\/span><\/p>\n<p><span style=\"font-size: large;\"><b>3. Reiki-Grad<\/b><\/span><\/p>\n<p align=\"JUSTIFY\"><span style=\"color: #000000;\"><span style=\"font-size: large;\">Das Seminar steht unter dem Motto \u201eEntwicklung des Lichtk\u00f6rpers \u2013 Aufstieg ins Licht\u201c und beinhaltet neben der Einweihung des Meistersymbols folgende \u00dcbungen:<\/span><\/span><\/p>\n<ul>\n<li><span style=\"color: #000000;\"><span style=\"font-size: large;\">Geistiger Schutz und Reinigung<br \/>\n<\/span><\/span><\/li>\n<li><span style=\"color: #000000;\"><span style=\"font-size: large;\">Anrufungen<br \/>\n<\/span><\/span><\/li>\n<li><span style=\"color: #000000;\"><span style=\"font-size: large;\">Arbeit mit Engeln und Aufgestiegenen Meistern<br \/>\n<\/span><\/span><\/li>\n<li><span style=\"color: #000000;\"><span style=\"font-size: large;\">Kontakt mit dem Reiki-F\u00fchrer<br \/>\n<\/span><\/span><\/li>\n<li><span style=\"color: #000000;\"><span style=\"font-size: large;\">Geistige Chirurgie<br \/>\n<\/span><\/span><\/li>\n<li><span style=\"color: #000000;\"><span style=\"font-size: large;\">Programmieren von Kristallen mit Reiki<br \/>\n<\/span><\/span><\/li>\n<\/ul>\n<p><span style=\"color: #000000;\"><span style=\"font-size: large;\">Das Seminar dauert zwei Tage und kostet 590,- \u20ac.<br \/>\n<\/span><\/span><\/p>\n<p><span style=\"font-size: large;\"><b>Die Lehrerausbildung<\/b><\/span><\/p>\n<p><span style=\"color: #000000;\"><span style=\"font-size: large;\"><b><br \/>\n<\/b><\/span><\/span><span style=\"color: #000000;\"><span style=\"font-size: large;\">Der angehende Lehrer bekommt drei spezielle Lehrersymbole eingeweiht:<\/span><\/span><\/p>\n<p>&nbsp;<\/p>\n<ul>\n<li><span style=\"color: #000000;\"><span style=\"font-size: large;\">Tibetisches Meistersymbol<br \/>\n<\/span><\/span><\/li>\n<li><span style=\"color: #000000;\"><span style=\"font-size: large;\">Feuerschlange (Kundalini-Symbol)<br \/>\n<\/span><\/span><\/li>\n<li><span style=\"color: #000000;\"><span style=\"font-size: large;\">Symbol zum Trennen von Energien<br \/>\n<\/span><\/span><\/li>\n<\/ul>\n<p align=\"JUSTIFY\"><span style=\"color: #000000;\"><span style=\"font-size: large;\">Er lernt, wie er den Reiki-Kanal des Sch\u00fclers \u00f6ffnen, reinigen und versiegeln kann. Das Einweihungsritual wird f\u00fcr alle Grade ausgiebig ge\u00fcbt.<\/span><\/span><\/p>\n<p><span style=\"color: #000000;\"><span style=\"font-size: large;\">Das Seminar dauert drei Tage und kostet 999 \u20ac.<\/span><\/span><\/p>\n<p><span style=\"color: #000000;\"><span style=\"font-size: large;\"><br \/>\n<\/span><\/span><span style=\"font-size: large;\"><b>4. Reiki-Grad: Herzchakra-Einweihung<\/b><\/span><\/p>\n<p align=\"JUSTIFY\"><span style=\"color: #000000;\"><span style=\"font-size: large;\">Mit dem Herzchakra-Symbol k\u00f6nnen durch die Liebe des Herzens alle anstehenden Probleme mit Liebe aufgel\u00f6st werden. Durch den Mittelpunkt, den das Herzchakra bildet, kann mit diesem Symbol den anderen Chakras und auch dem Inneren Kind bei der Aufarbeitung der Probleme geholfen werden. Das Problem wird hochgeholt und transformiert. Dadurch kann man zur eigenen Mitte zur\u00fcckfinden.<\/span><\/span><\/p>\n<p><span style=\"color: #000000;\"><span style=\"font-size: large;\">Das Seminar dauert einen halben Tag und kostet ohne Lehrbef\u00e4higung 100 \u20ac, mit Lehrbef\u00e4higung 150 \u20ac.<\/span><\/span><\/p>\n<p><span style=\"font-size: large;\"><br \/>\n<\/span><span style=\"font-size: large;\"><b>5. Reiki-Grad: Halschakra-Einweihung<\/b><\/span><\/p>\n<p align=\"JUSTIFY\"><span style=\"color: #000000;\"><span style=\"font-size: large;\">Das Halschakra-Symbol reinigt alle Blockaden, die mit Ausdruck und Kommunikation zu tun haben. Man kann wieder freier reden und sich ausdr\u00fccken. Durch das Halschakra-Symbol erreicht man eine totale Reinigung des 5. Chakras. Es erleichtert die Karma-Aufarbeitung; alles wird umgewandelt, was mit dem Halschakra zu tun hat.<\/span><\/span><\/p>\n<p align=\"JUSTIFY\"><span style=\"color: #000000;\"><span style=\"font-size: large;\">Sowohl das Herzchakra- als auch das Halschakra-Symbol gehen auf die amerikanische Reiki-Lehrerin Barbara Ray zur\u00fcck.<\/span><\/span><\/p>\n<p align=\"JUSTIFY\"><span style=\"color: #000000;\"><span style=\"font-size: large;\">Das Seminar dauert einen halben Tag und kostet ohne Lehrbef\u00e4higung 100 \u20ac, mit Lehrbef\u00e4higung 150 \u20ac.<\/span><\/span><\/p>\n<p><span style=\"color: #000000;\"><span style=\"font-size: large;\"><br \/>\n<\/span><\/span><span style=\"font-size: large;\"><b>6. Reiki-Grade VIa und VIb: Der Reiki-Gro\u00dfmeister<\/b><\/span><\/p>\n<p><span style=\"color: #000000;\"><span style=\"font-size: large;\">Diese Grade werden auch die \u201eGeheim-Grade\u201c genannt und werden manchmal auch als Grade V und VI gez\u00e4hlt. Ich habe sie in VIa und VIb unterteilt, da ich das Halschakra-Symbol als f\u00fcnften Grad z\u00e4hle.<\/span><\/span><\/p>\n<p><span style=\"color: #000000;\"><span style=\"font-size: large;\">Der Sch\u00fcler bekommt die beiden Gro\u00dfmeister-Symbole eingeweiht und lernt diese Techniken:<\/span><\/span><\/p>\n<ul>\n<li><span style=\"color: #000000;\"><span style=\"font-size: large;\">Reinigung des Zentralkanals<\/span><\/span><\/li>\n<li><span style=\"color: #000000;\"><span style=\"font-size: large;\">Absichtsloses Heilen<\/span><\/span><\/li>\n<li><span style=\"color: #000000;\"><span style=\"font-size: large;\">Gruppenreiki<\/span><\/span><\/li>\n<li><span style=\"color: #000000;\"><span style=\"font-size: large;\">Reiki mit Verstorbenen, Menschen im Koma, ungeborenen Babys<\/span><\/span><\/li>\n<li><span style=\"color: #000000;\"><span style=\"font-size: large;\">Entfernen von Fremdbesetzungen<\/span><\/span><\/li>\n<li><span style=\"color: #000000;\"><span style=\"font-size: large;\">Kommunikation mit Krankheiten und Organen<\/span><\/span><\/li>\n<li><span style=\"color: #000000;\"><span style=\"font-size: large;\">Kommunikation mit Tieren, Pflanzen, Engeln, Meistern etc.<\/span><\/span><\/li>\n<li><span style=\"color: #000000;\"><span style=\"font-size: large;\">Kommunikation mit Naturerscheinungen, Planeten etc.<br \/>\nDas Seminar dauert zwei Tage und kostet 999 \u20ac.<\/span><\/span><\/li>\n<\/ul>\n<p><span style=\"font-size: large;\"><b>7. Reiki-Grad: Weisheitssymbol<\/b><\/span><\/p>\n<p><span style=\"color: #000000;\"><span style=\"font-size: large;\">Dieses Symbol stammt von dem hessischen Reiki-Meister Helmut Ernst und bedeutet \u201eDas Wissen dieser Welt steht Dir zur Verf\u00fcgung\u201c. Eine ideale Erg\u00e4nzung zu den Gro\u00dfmeister-Symbolen!<\/span><\/span><\/p>\n<p><span style=\"color: #000000;\"><span style=\"font-size: large;\">Das Seminar dauert einen halben Tag und kostet 100 \u20ac.<\/span><\/span><\/p>\n<p><span style=\"color: #000000;\"><span style=\"font-size: large;\"><br \/>\n<\/span><\/span><span style=\"font-size: large;\"><b>8. Reiki-Grade 8a und 8b: Friedenssymbol und Freiheitssymbol<\/b><\/span><\/p>\n<p align=\"JUSTIFY\"><span style=\"color: #000000;\"><span style=\"font-size: large;\">Diese Symbole sind eine Weiterentwicklung von Einar Stier, Wolfgang Keil und einer japanischen Reiki-Sch\u00fclerin von E. Stier, Makiko.<\/span><\/span><\/p>\n<p align=\"JUSTIFY\"><span style=\"color: #000000;\"><span style=\"font-size: large;\">Das Friedenssymbol schenkt Geborgenheit und Sicherheit in der unendlichen bedingungslosen Liebe.<\/span><\/span><\/p>\n<p align=\"JUSTIFY\"><span style=\"color: #000000;\"><span style=\"font-size: large;\">Das Freiheitssymbol unterst\u00fctzt die Klarheit im Geiste, gelassen und frei von Anhaftung und Ablehnung die Dinge so zu sehen, wie sie sind.<\/span><\/span><\/p>\n<p><span style=\"font-size: large;\"><b>9. Reiki-Grad: Die gro\u00dfe Zeit<\/b><\/span><\/p>\n<p><span style=\"color: #000000;\"><span style=\"font-size: large;\">Dieses Symbol ist eine Weiterentwicklung von Einar Stier und Makiko, einer japanischen Reiki-Sch\u00fclerin von E. Stier.<\/span><\/span><\/p>\n<p>&nbsp;<\/p>\n<p align=\"JUSTIFY\"><span style=\"color: #000000;\"><span style=\"font-size: large;\">Dai Ey En (Die Gro\u00dfe Zeit) ist die Erfahrung des Ewigen, jenseits von Geburt und Tod. Ein tiefer Frieden erf\u00fcllt uns und ein inneres Gl\u00fccksempfinden, das Worte kaum beschreiben k\u00f6nnen. (aus: <\/span><\/span><a href=\"http:\/\/www.lichtsegen.de\"><span style=\"font-size: large;\">www.lichtsegen.de<\/span><\/a><span style=\"color: #000000;\"><span style=\"font-size: large;\">)<\/span><\/span><\/p>\n<p><span style=\"color: #000000;\"><span style=\"font-size: large;\">Die Grade 8a, 8b und 9 werden in einem Seminar \u00fcbermittelt. Das Seminar dauert einen Tag und kostet 150 \u20ac.<br \/>\nSeminare finden nur in kleinen Gruppen oder f\u00fcr Einzelpersonen in verbindlicher terminlicher Absprache statt.<\/span><\/span><\/p>\n","protected":false},"excerpt":{"rendered":"<p>\u00a0\u00a0\u00a0 Rei \u2013 Geist, Seele Ki \u2013 Universelle Energie. Das weltweit bekannte System der Heilung durch Handauflegen mit den urspr\u00fcnglichen Techniken des Mikao Usui. Im August 1999 kamen 60 Reiki-Meister aus aller Welt zu einem Seminar in Vancouver (Kanada) zusammen, um die urspr\u00fcnglichen Reiki-Techniken des Mikao Usui zu erlernen. Referent auf diesem Seminar war der [&hellip;]<\/p>\n","protected":false},"author":1,"featured_media":0,"parent":0,"menu_order":0,"comment_status":"closed","ping_status":"closed","template":"","meta":[],"_links":{"self":[{"href":"https:\/\/seelen-licht.org\/index.php?rest_route=\/wp\/v2\/pages\/121"}],"collection":[{"href":"https:\/\/seelen-licht.org\/index.php?rest_route=\/wp\/v2\/pages"}],"about":[{"href":"https:\/\/seelen-licht.org\/index.php?rest_route=\/wp\/v2\/types\/page"}],"author":[{"embeddable":true,"href":"https:\/\/seelen-licht.org\/index.php?rest_route=\/wp\/v2\/users\/1"}],"replies":[{"embeddable":true,"href":"https:\/\/seelen-licht.org\/index.php?rest_route=%2Fwp%2Fv2%2Fcomments&post=121"}],"version-history":[{"count":3,"href":"https:\/\/seelen-licht.org\/index.php?rest_route=\/wp\/v2\/pages\/121\/revisions"}],"predecessor-version":[{"id":128,"href":"https:\/\/seelen-licht.org\/index.php?rest_route=\/wp\/v2\/pages\/121\/revisions\/128"}],"wp:attachment":[{"href":"https:\/\/seelen-licht.org\/index.php?rest_route=%2Fwp%2Fv2%2Fmedia&parent=121"}],"curies":[{"name":"wp","href":"https:\/\/api.w.org\/{rel}","templated":true}]}}